the hundred thousands digit of 52809109?
8
What is the hundred thousands digit of 1264285174?
2
What is the millions digit of 64585231?
4
What is the units digit of 138928332?
2
What is the tens digit of 17884414?
1
What is the ten millions digit of 1241239361?
4
What is the thousands digit of 11376745?
6
What is the hundred thousands digit of 72687020?
6
What is the ten thousands digit of 60677513?
7
What is the hundred millions digit of 116442068?
1
What is the ten thousands digit of 157927993?
2
What is the units digit of 20963561?
1
What is the hundreds digit of 79532100?
1
What is the thousands digit of 5587945278?
5
What is the units digit of 1920181437?
7
What is the thousands digit of 6295572?
5
What is the hundred thousands digit of 145212383?
2
What is the hundreds digit of 7866800?
8
What is the ten thousands digit of 217759261?
5
What is the hundreds digit of 39396356?
3
What is the ten millions digit of 68907652?
6
What is the ten millions digit of 220906043?
2
What is the thousands digit of 1401671677?
1
What is the ten millions digit of 2112574847?
1
What is the ten thousands digit of 6461762974?
6
What is the tens digit of 48199327?
2
What is the millions digit of 3946654964?
6
What is the millions digit of 1444193527?
4
What is the ten thousands digit of 119838283?
3
What is the billions digit of 2135007886?
2
What is the hundred millions digit of 132549767?
1
What is the tens digit of 272368165?
6
What is the ten thousands digit of 127726477?
2
What is the millions digit of 525319196?
5
What is the ten millions digit of 63977971?
6
What is the ten thousands digit of 3361776194?
7
What is the ten thousands digit of 2580495005?
9
What is the tens digit of 425058801?
0
What is the thousands digit of 61976823?
6
What is the millions digit of 2674329046?
4
What is the ten millions digit of 329897801?
2
What is the ten thousands digit of 72892402?
9
What is the hundreds digit of 40938082?
0
What is the hundreds digit of 73844497?
4
What is the ten thousands digit of 2812556666?
5
What is the thousands digit of 1506332588?
2
What is the ten thousands digit of 39937775?
3
What is the units digit of 16370184?
4
What is the units digit of 376544502?
2
What is the units digit of 187995099?
9
What is the ten millions digit of 188494326?
8
What is the millions digit of 7409334627?
9
What is the hundred thousands digit of 6048189703?
1
What is the tens digit of 56468079?
7
What is the hundred thousands digit of 20593360?
5
What is the millions digit of 30403026?
0
What is the ten thousands digit of 10253986?
5
What is the thousands digit of 4038493954?
3
What is the thousands digit of 1256410815?
0
What is the hundred thousands digit of 303578355?
5
What is the units digit of 18752823?
3
What is the thousands digit of 265254964?
4
What is the tens digit of 13880458?
5
What is the hundreds digit of 267378597?
5
What is the ten thousands digit of 31045000?
4
What is the thousands digit of 313331449?
1
What is the thousands digit of 446109089?
9
What is the ten thousands digit of 169627404?
2
What is the units digit of 821070075?
5
What is the thousands digit of 946897726?
7
What is the hundreds digit of 1303458376?
3
What is the units digit of 3909818?
8
What is the hundred millions digit of 516148072?
5
What is the thousands digit of 102769849?
9
What is the hundred thousands digit of 483963223?
9
What is the units digit of 80663759?
9
What is the ten millions digit of 183698907?
8
What is the billions digit of 1317747231?
1
What is the units digit of 137660786?
6
What is the tens digit of 20202181?
8
What is the hundred thousands digit of 4246470?
2
What is the ten millions digit of 93988117?
9
What is the hundred thousands digit of 130745192?
7
What is the millions digit of 2100043?
2
What is the millions digit of 170210668?
0
What is the hundreds digit of 590785508?
5
What is the ten millions digit of 1326793571?
2
What is the tens digit of 272138273?
7
What is the hundreds digit of 31114932?
9
What is the hundreds digit of 3079455166?
1
What is the units digit of 157556041?
1
What is the units digit of 125820654?
4
What is the ten millions digit of 1350733506?
5
What is the hundreds digit of 2527302229?
2
What is the ten thousands digit of 16166700?
6
What is the ten millions digit of 262894246?
6
What is the ten millions digit of 1376935295?
7
What is the ten millions digit of 95279705?
9
What is the ten thousands digit of 224648061?
4
What is the millions digit of 5780372291?
0
What is the ten thousands digit of 283909977?
0
What is the thousands digit of 189288866?
8
What is the ten millions digit of 44188571?
4
What is the thousands digit of 624181943?
1
What is the tens digit of 58323426?
2
What is the millions digit of 38510031?
8
What is the thousands digit of 5245859591?
9
What is the hundreds digit of 28792278?
2
What is the tens digit of 47676092?
9
What is the thousands digit of 101872540?
2
What is the hundred millions digit of 325062399?
3
What is the thousands digit of 10110552?
0
What is the units digit of 376923273?
3
What is the ten thousands digit of 1264767730?
6
What is the hundreds digit of 30367165?
1
What is the millions digit of 35141655?
5
What is the hundred millions digit of 295162566?
2
What is the hundreds digit of 5039454358?
3
What is the ten thousands digit of 38857190?
5
What is the ten thousands digit of 8268771?
6
What is the units digit of 115621066?
6
What is the ten thousands digit of 1147878?
4
What is the hundred millions digit of 140761881?
1
What is the tens digit of 100864721?
2
What is the tens digit of 1365431341?
4
What is the tens digit of 1050896062?
6
What is the ten thousands digit of 184192348?
9
What is the units digit of 257320988?
8
What is the units digit of 408308895?
5
What is the hundreds digit of 3769152868?
8
What is the units digit of 139026886?
6
What is the ten thousands digit of 681936325?
3
What is the tens digit of 2710396464?
6
What is the hundreds digit of 2596636036?
0
What is the tens digit of 6604325909?
0
What is the units digit of 16398279?
9
What is the tens digit of 80269527?
2
What is the thousands digit of 4200831913?
1
What is the thousands digit of 1194595214?
5
What is the ten millions digit of 163689956?
6
What is the hundred thousands digit of 207685477?
6
What is the thousands digit of 2850554807?
4
What is the hundreds digit of 167445176?
1
What is the ten millions digit of 99032569?
9
What is the billions digit of 4369122285?
4
What is the ten thousands digit of 102554997?
5
What is the ten thousands digit of 15415326?
1
What is the units digit of 5091274?
4
What is the millions digit of 142314391?
2
What is the millions digit of 1401640341?
1
What is the hundred thousands digit of 183712954?
7
What is the ten millions digit of 837072383?
3
What is the tens digit of 480746630?
3
What is the ten thousands digit of 354670986?
7
What is the tens digit of 142236863?
6
What is the millions digit of 20740908?
0
What is the thousands digit of 49477395?
7
What is the millions digit of 11452586?
1
What is the units digit of 4110128528?
8
What is the ten thousands digit of 173837300?
3
What is the hundreds digit of 1973433422?
4
What is the hundred thousands digit of 133505145?
5
What is the tens digit of 401137544?
4
What is the hundred thousands digit of 11118751?
1
What is the ten thousands digit of 130509895?
0
What is the hundreds digit of 51120528?
5
What is the hundred millions digit of 591969054?
5
What is the tens digit of 945373849?
4
What is the millions digit of 310693091?
0
What is the tens digit of 375987856?
5
What is the hundred millions digit of 330629175?
3
What is the billions digit of 2740518257?
2
What is the ten thousands digit of 95249945?
4
What is the tens digit of 195742497?
9
What is the hundred millions digit of 1956979042?
9
What is the thousands digit of 111984930?
4
What is the millions digit of 711517053?
1
What is the millions digit of 2452339018?
2
What is the units digit of 2447082262?
2
What is the tens digit of 116143221?
2
What is the hundreds digit of 131322299?
2
What is the units digit of 84089854?
4
What is the units digit of 57072521?
1
What is the hundred thousands digit of 55502574?
5
What is the hundred thousands